e
Is 1082940080 a multiple of 40?
True
Is 55856857 a multiple of 35?
False
Is 10 a factor of 53544460?
True
Is 481112878 a multiple of 151?
True
Is 35952513 a multiple of 12?
False
Is 99635236 a multiple of 125?
False
Does 7586 divide 1259502328?
False
Is 48 a factor of 52922016?
True
Is 7 a factor of 51309366?
False
Is 9 a factor of 5303417?
False
Is 3830390 a multiple of 20?
False
Is 848 a factor of 518508765?
False
Is 156 a factor of 567039950?
False
Does 3074 divide 847022256?
True
Is 221 a factor of 106459427?
False
Is 27161400 a multiple of 350?
True
Does 527 divide 226640039?
True
Is 557 a factor of 160888893?
True
Is 338554693 a multiple of 338?
False
Is 44 a factor of 48302577?
False
Is 94213643 a multiple of 456?
False
Does 344 divide 2185431?
False
Is 393 a factor of 98044068?
True
Does 1165 divide 1452594230?
True
Is 256 a factor of 60589824?
True
Is 1923278775 a multiple of 3525?
True
Is 2796186372 a multiple of 37?
False
Is 17426370 a multiple of 86?
False
Does 2327 divide 27982077?
False
Does 82 divide 5568620?
True
Does 25 divide 3586572225?
True
Is 5 a factor of 899686837?
False
Is 11287694 a multiple of 187?
True
Does 7 divide 84115612?
True
Is 175806660 a multiple of 1010?
True
Does 990 divide 13926772?
False
Is 527 a factor of 9937792?
False
Is 66 a factor of 1883902614?
True
Does 8 divide 3281253432?
True
Does 215 divide 1313399740?
True
Does 74 divide 44858208?
True
Does 349 divide 474846957?
True
Is 116974722 a multiple of 439?
False
Is 256482192 a multiple of 12?
True
Is 477 a factor of 116610759?
True
Is 400481642 a multiple of 37?
False
Is 103 a factor of 70743593?
True
Is 976954162 a multiple of 55?
False
Is 866 a factor of 291526776?
True
Is 1084783500 a multiple of 36?
True
Is 10 a factor of 1385710?
True
Is 1791304760 a multiple of 410?
True
Does 1187 divide 57817583?
True
Does 320 divide 2687196563?
False
Is 952002150 a multiple of 50?
True
Does 30 divide 43638120?
True
Does 693 divide 5363725?
False
Is 36 a factor of 69760144?
False
Is 8 a factor of 19976160?
True
Is 289 a factor of 717779763?
True
Is 24 a factor of 3610929765?
False
Does 1652 divide 68172736?
False
Does 11 divide 1826580?
False
Is 3715112115 a multiple of 2145?
True
Is 208313 even?
False
Does 107 divide 1090495636?
True
Does 4 divide 119301444?
True
Is 5087 a factor of 213547173?
True
Is 5450931543 a multiple of 26?
False
Is 9027178 a multiple of 8?
False
Is 29539506 a multiple of 6?
True
Is 2341901089 a multiple of 6604?
False
Is 1914409344 a multiple of 708?
True
Does 9 divide 11494345?
False
Does 11 divide 257423512?
False
Does 74 divide 204628648?
True
Does 10 divide 338267564?
False
Is 28273660 a multiple of 8830?
True
Is 3054 a factor of 794611098?
True
Is 25 a factor of 72426424?
False
Is 122896229 a multiple of 40?
False
Is 6398378 a multiple of 157?
True
Is 662437324 a multiple of 4441?
True
Does 15 divide 49983882?
False
Is 1219126639 a multiple of 7?
False
Is 165 a factor of 94038939?
False
Does 9 divide 737358942?
False
Is 58385813 a multiple of 697?
False
Does 33 divide 44816145?
True
Is 17800871 a multiple of 35?
False
Does 13 divide 235203516?
False
Does 8 divide 58314392?
True
Is 765308264 a multiple of 3125?
False
Does 33 divide 135082035?
True
Does 170 divide 25204880?
True
Is 745 a factor of 162710449?
False
Does 178 divide 318585290?
True
Does 733 divide 9940213?
True
Is 998100384 a multiple of 219?
True
Does 14 divide 21294084?
True
Is 605432904 a multiple of 4757?
True
Is 333 a factor of 51709419?
False
Does 5 divide 79727945?
True
Is 562394280 a multiple of 42?
True
Is 199727494 a multiple of 9?
False
Is 99229932 a multiple of 1821?
True
Does 186 divide 3183131252?
False
Is 53 a factor of 24944821?
True
Is 27 a factor of 239081?
False
Does 17 divide 47187368?
False
Does 10 divide 3029770?
True
Does 1706 divide 49332402?
True
Is 167 a factor of 117902?
True
Does 1769 divide 624740040?
True
Does 713 divide 34518991?
False
Is 8102 a factor of 780165886?
True
Is 309296135 a multiple of 666?
False
Is 10 a factor of 224001263?
False
Is 18098850 a multiple of 75?
True
Is 52 a factor of 54195232?
True
Does 281 divide 1483970706?
False
Is 290684 a multiple of 301?
False
Is 348 a factor of 618399480?
True
Is 179 a factor of 288575013?
False
Is 421487146 a multiple of 2333?
False
Is 8166973 a multiple of 37?
True
Does 174 divide 531754600?
False
Is 597056980 a multiple of 4339?
False
Is 51658134 even?
True
Is 475 a factor of 150709328?
False
Is 5 a factor of 1841536?
False
Does 1085 divide 1331744190?
True
Is 119 a factor of 16350838?
True
Is 1342536426 a multiple of 462?
True
Does 7 divide 369031439?
True
Does 460 divide 949513563?
False
Does 318 divide 11999412?
True
Is 756 a factor of 976226440?
False
Is 613 a factor of 141050687?
True
Does 40 divide 129807480?
True
Is 10 a factor of 380663?
False
Does 1423 divide 19358162?
False
Is 3204845748 a multiple of 9852?
True
Is 6441635 a multiple of 3?
False
Is 5134849209 a multiple of 10?
False
Is 2584126654 a multiple of 130?
False
Is 348 a factor of 2823219975?
False
Is 80 a factor of 40632560?
True
Is 2 a factor of 8700832?
True
Does 30 divide 22335550?
False
Is 18 a factor of 107203296?
False
Is 3973 a factor of 231776159?
False
Is 29 a factor of 1529286?
True
Is 3041451 a multiple of 4?
False
Does 23 divide 3868603?
False
Does 10 divide 226524530?
True
Is 2893 a factor of 25059166?
True
Does 37 divide 51290481?
False
Does 421 divide 64263966?
True
Does 62 divide 112811232?
True
Is 5 a factor of 20203665?
True
Is 513815473 a multiple of 69?
False
Does 135 divide 2875429260?
True
Is 863 a factor of 190099914?
True
Does 1114 divide 300991660?
True
Does 189 divide 363424320?
True
Is 103 a factor of 74527473?
False
Does 15 divide 66952694?
False
Is 5632 a factor of 138404114?
False
Does 795 divide 55278735?
True
Does 2300 divide 213186859?
False
Is 3 a factor of 451684659?
True
Is 141 a factor of 1914075?
True
Is 218 a factor of 11214252?
False
Does 1211 divide 48884437?
True
Does 21 divide 40524703?
False
Is 7 a factor of 24988838?
True
Is 7789080 a multiple of 78?
True
Does 5865 divide 439317825?
True
Does 185 divide 32406080?
True
Does 12 divide 12357244?
False
Does 86 divide 206636500?
True
Is 575180905 a multiple of 807?
False
Is 47 a factor of 2061816336?
False
Is 89790413 a multiple of 2227?
True
Is 69 a factor of 4615560627?
True
Does 632 divide 105243266?
False
Does 7566 divide 542795459?
False
Is 37 a factor of 1466194178?
False
Does 6 divide 11593246?
False
Is 3 a factor of 32905604?
False
Does 155 divide 51377695?
True
Is 1874 a factor of 44095220?
True
Does 4 divide 28219370?
False
Is 194 a factor of 57126210?
True
Is 55 a factor of 63428471?
False
Is 194969229 a multiple of 161?
True
Does 177 divide 29713875?
True
Is 447 a factor of 67725417?
True
Is 36492920 a multiple of 38?
True
Is 88 a factor of 455897728?
True
Is 38214998 a multiple of 295?
False
Does 13 divide 602268243?
False
Is 8982539 a multiple of 359?
True
Is 13875555 a multiple of 494?
False
Is 366 a factor of 445759464?
False
Does 3185 divide 190001175?
True
Is 6 a factor of 545009947?
False
Does 2489 divide 27953654?
False
Does 2677 divide 461946220?
False
Is 195 a factor of 211186365?
True
Is 2429038710 a multiple of 18?
True
Is 5823 a factor of 19655643?
False
Is 1445893312 a multiple of 19?
True
Is 21 a factor of 55117313?
False
Is 215 a factor of 3663086?
False
Is 843 a factor of 34178203?
False
Is 66064466 a multiple of 13?
True
Does 2231 divide 37860557?
False
Is 16 a factor of 15408736?
True
Is 41 a factor of 25930081?
True
Is 256 a factor of 36594432?
True
Is 3076 a factor of 1588935484?
True
Is 1035 a factor of 392779064?
False
Is 20 a factor of 10938480?
True
Does 845 divide 38488060?
True
Is 804 a factor of 10242156?
True
Is 672178038 a multiple of 1554?
True
Is 10 a factor of 621043549?
False
Is 15 a factor of 20083605?
True
Does 9 divide 31095682?
False
Is 314 a factor of 17946500?
False
Is 4126 a factor of 1216790408?
True
Is 153170614 a multiple of 388?
False
Is 1020394 a multiple of 241?
True
Is 110 a factor of 1255210110?
True
Does 7463 divide 77271902?
True
Is 202601728 a multiple of 128?
True
Is 115 a factor of 57809174?
False
Is 100597970 a multiple of 95?
True
Does 86 divide 1040402